{"id":30,"date":"2018-08-30T04:03:04","date_gmt":"2018-08-30T04:03:04","guid":{"rendered":"http:\/\/demo.cmssuperheroes.com\/themeforest\/wp-tekhfixers\/?page_id=30"},"modified":"2023-02-04T10:48:05","modified_gmt":"2023-02-04T09:48:05","slug":"home","status":"publish","type":"page","link":"https:\/\/mousstech.be\/","title":{"rendered":"Home"},"content":{"rendered":"<p>[vc_row full_width=&#8221;stretch_row&#8221; parallax=&#8221;content-moving&#8221; parallax_image=&#8221;479&#8243; cms_row_class=&#8221;bg-primary&#8221; cms_row_image=&#8221;bg-art&#8221; cms_row_space=&#8221;rm-padding-right&#8221; el_class=&#8221;header-hero&#8221;][vc_column offset=&#8221;vc_col-lg-6 vc_col-md-6&#8243;][fr_space space_lg=&#8221;50&#8243; space_md=&#8221;0&#8243; space_sm=&#8221;0&#8243; space_xs=&#8221;0&#8243;][fr_heading cms_template=&#8221;fr_heading&#8211;layout2.php&#8221; animation=&#8221;bounceInDown&#8221; title=&#8221;R\u00e9paration Express de votre smartphone&#8221; sub_title=&#8221;Des accidents se produisent, et notre passion est de r\u00e9parer votre appareil mobile. Il n&#8217;a jamais \u00e9t\u00e9 aussi facile de rendre votre appareil inutilisable apr\u00e8s l&#8217;avoir laiss\u00e9 tomber. Nos techniciens qualifi\u00e9s diagnostiqueront et r\u00e9pareront votre appareil dans les 24 heures.&#8221; button_text=&#8221;R\u00e9parer mon appareil&#8221; button_link=&#8221;url:http%3A%2F%2Fdemo.cmssuperheroes.com%2Fthemeforest%2Fwp-tekhfixers%2Fservices%2F|||&#8221;][\/vc_column][vc_column offset=&#8221;vc_col-lg-6 vc_col-md-6 vc_hidden-sm vc_hidden-xs&#8221; css=&#8221;.vc_custom_1548661452955{margin-top: -37px !important;}&#8221;][vc_single_image image=&#8221;1696&#8243; img_size=&#8221;full&#8221; css_animation=&#8221;bounceInDown&#8221; style=&#8221;hover-parallax&#8221;][\/vc_column][\/vc_row][vc_row full_width=&#8221;stretch_row&#8221; cms_row_space=&#8221;carousel-stretch-right&#8221; css=&#8221;.vc_custom_1548666921886{margin-top: 62px !important;}&#8221;][vc_column][fr_service_carousel col_xs=&#8221;1&#8243; col_sm=&#8221;2&#8243; col_md=&#8221;3&#8243; col_lg=&#8221;4&#8243; margin=&#8221;0&#8243; loop=&#8221;true&#8221; arrows=&#8221;true&#8221;][\/vc_column][\/vc_row][vc_row][vc_column][fr_space space_lg=&#8221;121&#8243; space_md=&#8221;0&#8243; space_sm=&#8221;0&#8243; space_xs=&#8221;0&#8243;][\/vc_column][\/vc_row][vc_row css=&#8221;.vc_custom_1536051606545{margin-top: 100px !important;}&#8221;][vc_column offset=&#8221;vc_col-lg-4 vc_col-md-6&#8243;][fr_heading cms_template=&#8221;fr_heading&#8211;layout1.php&#8221; title=&#8221;Z\u00e9ro stress<br \/>\nOn s&#8217;occupe<br \/>\nDe tout&#8221; sub_title=&#8221;Nos services&#8221;][\/vc_column][vc_column offset=&#8221;vc_col-lg-4 vc_col-md-6&#8243;][fr_fancybox cms_template=&#8221;fr_fancybox&#8211;layout1.php&#8221; heading=&#8221;Dommages caus\u00e9s par la p\u00e9n\u00e9tration d&#8217;eau&#8221; text=&#8221;Nous pouvons souvent r\u00e9parer les d\u00e9g\u00e2ts d&#8217;eau \u00e0 l&#8217;int\u00e9rieur du t\u00e9l\u00e9phone, seuls les rares cas o\u00f9 nous ne pouvons pas r\u00e9parer cela.&#8221; btn_text=&#8221;Voir plus&#8221; btn_link=&#8221;url:%23|||&#8221; image=&#8221;1687&#8243; price=&#8221;Devis&#8221;][\/vc_column][vc_column offset=&#8221;vc_col-lg-4 vc_col-md-6&#8243;][fr_fancybox cms_template=&#8221;fr_fancybox&#8211;layout1.php&#8221; heading=&#8221;Mauvaise autonomie de la batterie&#8221; text=&#8221;\u00c0 mesure que les appareils vieillissent, leurs batteries se d\u00e9gradent. Avec une nouvelle batterie, vous pouvez profiter de nombreuses heures de charge suppl\u00e9mentaires.&#8221; btn_text=&#8221;Voir plus&#8221; btn_link=&#8221;url:%23|||&#8221; image=&#8221;1715&#8243; price=&#8221;Devis&#8221;][\/vc_column][vc_column offset=&#8221;vc_col-lg-4 vc_col-md-6&#8243;][fr_fancybox cms_template=&#8221;fr_fancybox&#8211;layout1.php&#8221; heading=&#8221;\u00c9crans fissur\u00e9s&#8221; text=&#8221;Notre r\u00e9paration la plus courante ! Nous n&#8217;utilisons que des pi\u00e8ces d&#8217;origine pour \u00e9viter d&#8217;annuler votre garantie.&#8221; btn_text=&#8221;Voir plus&#8221; btn_link=&#8221;url:%23|||&#8221; image=&#8221;1713&#8243; price=&#8221;Devis&#8221;][\/vc_column][vc_column offset=&#8221;vc_col-lg-4 vc_col-md-6&#8243;][fr_fancybox cms_template=&#8221;fr_fancybox&#8211;layout1.php&#8221; heading=&#8221;Chassis pli\u00e9&#8221; text=&#8221;Assis sur votre t\u00e9l\u00e9phone ? Nous pouvons redresser votre ch\u00e2ssis actuel ou le remplacer par un original d&#8217;usine.&#8221; btn_text=&#8221;Voir plus&#8221; btn_link=&#8221;url:%23|||&#8221; image=&#8221;1711&#8243; price=&#8221;Devis&#8221;][\/vc_column][vc_column offset=&#8221;vc_col-lg-4 vc_col-md-6&#8243;][fr_fancybox cms_template=&#8221;fr_fancybox&#8211;layout1.php&#8221; heading=&#8221;Haut-parleurs cass\u00e9s&#8221; text=&#8221;Beaucoup de choses peuvent causer des haut-parleurs cass\u00e9s, mais nous pouvons les remplacer facilement pour que vous puissiez entendre \u00e0 nouveau.&#8221; btn_text=&#8221;Voir plus&#8221; btn_link=&#8221;url:%23|||&#8221; image=&#8221;1712&#8243; price=&#8221;Devis&#8221;][\/vc_column][\/vc_row][vc_row][vc_column][fr_space space_lg=&#8221;116&#8243; space_md=&#8221;50&#8243; space_sm=&#8221;50&#8243; space_xs=&#8221;50&#8243;][\/vc_column][\/vc_row][vc_row full_width=&#8221;stretch_row&#8221; cms_row_overflow=&#8221;off-overflow&#8221;][vc_column width=&#8221;5\/12&#8243; css=&#8221;.vc_custom_1538558312795{margin-bottom: 20px !important;padding-right: 0px !important;}&#8221;][vc_single_image image=&#8221;1700&#8243; img_size=&#8221;485&#215;392&#8243; style=&#8221;image-radius&#8221;][\/vc_column][vc_column width=&#8221;7\/12&#8243; css=&#8221;.vc_custom_1548833688779{padding-top: 8px !important;}&#8221; el_class=&#8221;n-padding-md&#8221;][vc_row_inner css=&#8221;.vc_custom_1548659399614{padding-bottom: 17px !important;}&#8221;][vc_column_inner][fr_heading cms_template=&#8221;fr_heading&#8211;layout1.php&#8221; title=&#8221;Votre appareil est entre de bonnes mains&#8221; sub_title=&#8221;Techniciens de r\u00e9paration professionnels&#8221;][\/vc_column_inner][\/vc_row_inner][vc_column_text]Chez Mouss Tech, nous r\u00e9parons des centaines d&#8217;appareils par mois, alors soyez assur\u00e9 que vous \u00eates entre de bonnes mains en nous envoyant vos appareils pour r\u00e9paration.[\/vc_column_text][vc_column_text]Mouss Tech est capable de r\u00e9parer n&#8217;importe quel appareil \u00e9lectronique actuellement sur le march\u00e9 et ceux fabriqu\u00e9s au cours des 10 derni\u00e8res ann\u00e9es. Nous avons tous les bons outils pour le travail afin que nous puissions ouvrir votre appareil, le r\u00e9parer et le remonter sans jamais savoir qu&#8217;il a \u00e9t\u00e9 touch\u00e9.[\/vc_column_text][vc_row_inner css=&#8221;.vc_custom_1548659559106{padding-top: 8px !important;}&#8221;][vc_column_inner][fr_button button_text=&#8221;En savoir plus&#8221; button_link=&#8221;url:http%3A%2F%2Fdemo.cmssuperheroes.com%2Fthemeforest%2Fwp-tekhfixers%2Fabout-us%2F|||&#8221; margin_top=&#8221;10px&#8221;][\/vc_column_inner][\/vc_row_inner][\/vc_column][vc_column el_class=&#8221;image-absolute&#8221; offset=&#8221;vc_hidden-sm vc_hidden-xs&#8221;][vc_single_image image=&#8221;1388&#8243; img_size=&#8221;full&#8221;][\/vc_column][\/vc_row][vc_row][vc_column][fr_space space_lg=&#8221;239&#8243; space_md=&#8221;120&#8243; space_sm=&#8221;120&#8243; space_xs=&#8221;120&#8243;][\/vc_column][\/vc_row]<\/p>\n","protected":false},"excerpt":{"rendered":"<p>[vc_row full_width=&#8221;stretch_row&#8221; parallax=&#8221;content-moving&#8221; parallax_image=&#8221;479&#8243; cms_row_class=&#8221;bg-primary&#8221; cms_row_image=&#8221;bg-art&#8221; cms_row_space=&#8221;rm-padding-right&#8221; el_class=&#8221;header-hero&#8221;][vc_column offset=&#8221;vc_col-lg-6 vc_col-md-6&#8243;][fr_space space_lg=&#8221;50&#8243; space_md=&#8221;0&#8243; space_sm=&#8221;0&#8243; space_xs=&#8221;0&#8243;][fr_heading cms_template=&#8221;fr_heading&#8211;layout2.php&#8221; animation=&#8221;bounceInDown&#8221; title=&#8221;R\u00e9paration Express de votre smartphone&#8221; sub_title=&#8221;Des accidents se produisent, et notre passion est de r\u00e9parer votre appareil mobile. Il n&#8217;a jamais \u00e9t\u00e9 aussi facile de rendre votre appareil inutilisable apr\u00e8s l&#8217;avoir laiss\u00e9 tomber. Nos techniciens qualifi\u00e9s diagnostiqueront et r\u00e9pareront [&hellip;]<\/p>\n","protected":false},"author":1,"featured_media":0,"parent":0,"menu_order":0,"comment_status":"closed","ping_status":"closed","template":"","meta":{"footnotes":""},"class_list":["post-30","page","type-page","status-publish","hentry"],"_links":{"self":[{"href":"https:\/\/mousstech.be\/index.php\/wp-json\/wp\/v2\/pages\/30","targetHints":{"allow":["GET"]}}],"collection":[{"href":"https:\/\/mousstech.be\/index.php\/wp-json\/wp\/v2\/pages"}],"about":[{"href":"https:\/\/mousstech.be\/index.php\/wp-json\/wp\/v2\/types\/page"}],"author":[{"embeddable":true,"href":"https:\/\/mousstech.be\/index.php\/wp-json\/wp\/v2\/users\/1"}],"replies":[{"embeddable":true,"href":"https:\/\/mousstech.be\/index.php\/wp-json\/wp\/v2\/comments?post=30"}],"version-history":[{"count":25,"href":"https:\/\/mousstech.be\/index.php\/wp-json\/wp\/v2\/pages\/30\/revisions"}],"predecessor-version":[{"id":1749,"href":"https:\/\/mousstech.be\/index.php\/wp-json\/wp\/v2\/pages\/30\/revisions\/1749"}],"wp:attachment":[{"href":"https:\/\/mousstech.be\/index.php\/wp-json\/wp\/v2\/media?parent=30"}],"curies":[{"name":"wp","href":"https:\/\/api.w.org\/{rel}","templated":true}]}}